 60*r + 47. Determine j(-30).
47
Let x(w) = w**3 - 40*w**2 - 77*w + 4517. Calculate x(39).
-7
Let c(b) = -2*b**2 - 96*b + 295. What is c(-53)?
-235
Let a(u) = -1012*u - 26271. What is a(-26)?
41
Let d(a) = -2*a**3 + 97*a**2 - 48*a + 20. What is d(48)?
20
Let m(h) = h**3 - 120*h + 15. Calculate m(-11).
4
Let x(d) = 202*d + 22833. Give x(-113).
7
Let d(o) = -301*o - 1919. Determine d(-7).
188
Let i(b) = 35*b - 5173. Calculate i(148).
7
Let h(i) = i**2 - 93. Calculate h(16).
163
Let y(h) = 36*h**2 + 6*h - 2. Determine y(2).
154
Let p(o) = o**3 + 6*o**2 + 20*o + 79. Give p(-5).
4
Let y(s) = 144*s - 4735. What is y(33)?
17
Let o(x) = -24*x**2 + 888*x + 3. What is o(37)?
3
Let f(j) = -2*j**2 - 28*j + 40. What is f(-11)?
106
Let h(f) = -f**3 - 9*f**2 + 6*f - 45. Give h(-10).
-5
Let r(v) = -358*v - 5498. Determine r(-15).
-128
Let a(d) = 35*d**2 - 319*d + 37. Determine a(9).
1
Let n(i) = 4*i**3 - 4*i**2 - 48. Determine n(0).
-48
Let a(c) = c**3 + 2*c**2 - 29*c + 10. Calculate a(5).
40
Let z(m) = -7*m**2 - 188*m - 376. Give z(-2).
-28
Let x(w) = 10*w**3 + 28*w**2 - w - 27. Give x(1).
10
Let m(a) = -237*a - 24645. Give m(-104).
3
Let d(w) = w**2 - 2*w - 6. Calculate d(0).
-6
Let p(u) = 647*u - 4550. Give p(7).
-21
Let u(w) = w**3 - 14*w**2 + 71*w - 14. Determine u(6).
124
Let t(g) = 2*g**3 - 4*g**2 - 10*g - 41. Determine t(7).
379
Let p(z) = -16*z + 565. Calculate p(46).
-171
Let c(k) = -7*k**2 + 135*k - 63. Give c(18).
99
Let g(t) = 28*t**3 + 484*t**2 + 134*t - 37. Determine g(-17).
-3
Let s(b) = -120*b + 12464. Give s(104).
-16
Let g(c) = -292*c - 1739. Give g(-6).
13
Let z(s) = 14*s**2 - 17*s + 64. Calculate z(4).
220
Let w(h) = h**2 - 132*h + 3220. What is w(30)?
160
Let o(c) = c**2 + 23*c - 1285. Give o(-49).
-11
Let b(x) = -10*x + 168. What is b(-15)?
318
Let z(y) = y**3 + 107*y**2 - 214*y + 442. Calculate z(-109).
6
Let i(m) = 420*m**2 - 2940*m + 7. Determine i(7).
7
Let y(c) = 371*c - 17463. Determine y(47).
-26
Let r(m) = -137*m - 585. Determine r(-11).
922
Let d(i) = i**2 - 62*i - 3939. Determine d(-39).
0
Let x(i) = 142*i - 275. Determine x(2).
9
Let p(v) = -v**2 + 784*v + 22754. Calculate p(-28).
18
Let s(a) = a - 41. Give s(17).
-24
Let s(b) = b**2 + 15*b + 127. Calculate s(-6).
73
Let d(l) = 2*l**3 + 25*l**2 + 25*l - 53. What is d(-11)?
35
Let h(b) = b**3 - 12*b**2 - 85*b + 11. Determine h(17).
11
Let b(c) = 2352*c + 18813. Calculate b(-8).
-3
Let x(v) = -16*v**2 + 39*v + 215. What is x(5)?
10
Let i(k) = 2*k**3 + 35*k**2 - 4*k - 35. Give i(-17).
322
Let s(a) = a**3 - 10*a**2 - 19*a - 94. Give s(9).
-346
Let g(i) = -4*i**2 - 27*i - 11. Give g(-9).
-92
Let z(r) = 6*r**2 + 22*r - 78. Calculate z(-7).
62
Let w(x) = 6116*x - 6. What is w(0)?
-6
Let w(s) = 12*s**2 + 27*s + 9. Calculate w(-2).
3
Let l(u) = -18*u + 298. Calculate l(15).
28
Let j(a) = -a**2 + 130*a - 3594. What is j(90)?
6
Let m(b) = b**3 + 55*b**2 - 63*b - 121. Determine m(-56).
271
Let z(x) = 12*x**2 + 90*x + 248. What is z(-6)?
140
Let k(b) = -2966*b + 8904. Give k(3).
6
Let o(q) = -q**2 + 30*q - 162. Determine o(23).
-1
Let h(l) = l**3 - 23*l**2 + 1. Give h(23).
1
Let w(r) = -16*r + 481. Calculate w(-2).
513
Let x(p) = -49*p**2 - 145*p + 452. Determine x(3).
-424
Let d(y) = 3*y**3 + 211*y**2 - 136*y + 425. What is d(-71)?
-1
Let c(d) = 3*d - 4. Calculate c(11).
29
Let o(c) = c**3 - 11*c**2 - 10*c + 24. Calculate o(12).
48
Let w(n) = 2*n**3 - 64*n**2 - 8*n + 43. Give w(32).
-213
Let t(v) = 103*v - 9151. Give t(89).
16
Let d(a) = a**3 + 18*a**2 - 360*a - 8. Calculate d(-30).
-8
Let k(g) = -6*g**2 - 41*g - 185. What is k(-5)?
-130
Let c(f) = -83*f + 3243. What is c(39)?
6
Let q(b) = -416*b - 421. What is q(-1)?
-5
Let h(s) = 3722*s - 33493. What is h(9)?
5
Let h(p) = -p**2 + 16*p + 177. Determine h(25).
-48
Let y(s) = -51*s**2 - 403*s + 20. Calculate y(-8).
-20
Let o(a) = -5*a**3 + 4*a**2 + 6*a - 7. Give o(2).
-19
Let o(g) = g**3 + 10*g**2 - 25*g - 48. Determine o(-11).
106
Let w(x) = 2*x**2 - 123*x + 57. Give w(61).
-4
Let l(g) = 2*g**3 + 68*g**2 - 69*g + 27. Give l(-35).
-8
Let w(z) = 3*z**3 - 12*z**2 - 75*z + 20. Calculate w(-6).
-610
Let z(x) = -5*x**2 + 46*x + 62. Determine z(10).
22
Let b(p) = -p**3 - 17*p**2 + 105*p - 120. Give b(-22).
-10
Let r(l) = 3*l**3 + 5*l**2 - 2*l + 5. Determine r(-3).
-25
Let u(h) = -h**3 + 6*h**2 + 11*h + 12. Determine u(9).
-132
Let r(y) = y**3 - 141*y**2 + y - 149. What is r(141)?
-8
Let h(b) = -b**3 - b**2 + 73*b - 168. Give h(-10).
2
Let s(f) = 5055*f - 20216. Determine s(4).
4
Let q(k) = -182*k - 50051. Determine q(-275).
-1
Let b(j) = j**2 - 47*j - 1507. Determine b(69).
11
Let w(o) = 1214*o + 13372. What is w(-11)?
18
Let i(p) = p**2 + 6. What is i(-2)?
10
Let f(o) = -o**3 + 11*o**2 - 81*o + 824. Determine f(11).
-67
Let m(o) = 7*o**2 - 58*o + 34. Give m(8).
18
Let k(o) = 5885*o + 17662. What is k(-3)?
7
Let t(k) = 1506*k - 10532. Calculate t(7).
10
Let n(l) = 10*l**2 - 5*l + 33. Determine n(3).
108
Let t(f) = 5593*f**2 + 11186*f. Calculate t(-2).
0
Let k(p) = 19*p**2 + 340*p + 26. Determine k(-18).
62
Let m(u) = 2*u**2 + 26*u - 277. Give m(-20).
3
Let g(v) = 34*v**2 - 233*v - 1. Give g(7).
34
Let y(f) = -27*f + 797. Determine y(27).
68
Let b(m) = -2*m**2 + 25*m + 21. Give b(11).
54
Let y(i) = 3*i**3 + 4*i**2 + 30*i + 79. Calculate y(-3).
-56
Let x(h) = 45*h - 893. What is x(20)?
7
Let b(r) = 828*r - 16535. Determine b(20).
25
Let j(k) = k**2 - 37*k + 298. Give j(12).
-2
Let d(n) = -3*n**3 - 19*n**2 + 21*n - 43. Give d(-9).
416
Let z(m) = m**2 - 4*m - 48. Calculate z(17).
173
Let n(g) = -24*g + 237. What is n(9)?
21
Let z(n) = -291*n + 654. Calculate z(2).
72
Let o(z) = 10*z**2 + 5*z - 296. What is o(-5)?
-71
Let b(q) = q**3 - 12*q**2 - 17*q - 52. What is b(14)?
102
Let g(s) = s**3 - 20*s**2 - 50*s + 95. Give g(22).
-37
Let w(t) = -7*t**2 + 54*t - 214. Determine w(4).
-110
Let j(h) = -4*h - 52. Calculate j(-12).
-4
Let n(x) = -x**3 + 18*x**2 + 64*x - 26. Determine n(21).
-5
Let h(s) = -4*s**2 - s - 24. What is h(-3)?
-57
Let m(o) = 20*o + 100. Give m(-12).
-140
Let o(f) = 100*f - 1080. Calculate o(11).
20
Let m(b) = -7*b + 50. Determine m(26).
-132
Let i(r) = -r**3 + 3*r**2 + 9*r + 4. Calculate i(-4).
80
Let c(r) = -2*r**3 - 8*r**2 + 5*r + 7. What is c(-3)?
-26
Let y(c) = -1356*c - 55598. Calculate y(-41).
-2
Let v(y) = -2*y**2 + 67*y + 96. What is v(35)?
-9
Let b(y) = -1742*y + 10463. Calculate b(6).
11
Let d(g) = g**3 - 23*g**2 + 30*g - 178. Give d(22).
-2
Let m(s) = 259*s + 1736. Give m(-9).
-595
Let p(n) = -n - 68. Give p(-3).
-65
Let f(r) = -r**3 - 20*r**2 - 4*r + 730. What is f(-18)?
154
Let b(o) = -99*o - 1269. Give b(-13).
18
Let c(g) = -g**3 + 32*g**2 + 103*g - 28. Determine c(35).
-98
Let x(k) = 6*k**2 + 27*k + 57. What is x(-2)?
27
Let o(k) = 2*k**3 - 7*k**2 + 11*k + 78. What is o(-8)?
-1482
Let s(k) = 15*k**2 - 98*k - 61. Calculate s(7).
-12
Let l(q) = -435*q - 875. What is l(-2)?
-5
Let z(t) = 4*t**2 + 21*t - 20. Give z(-6).
-2
Let y(v) = -v**3 - 16*v**2 - 31*v - 1674. Determine y(-19).
-2
Let s(l) = -l**2 + 40*l + 155. Determine s(43).
26
Let w(h) = -612*h + 10376. Give w(17).
-28
Let i(y) = y**2 + 28*y - 148. What is i(-34)?
56
Let i(g) = -13*g**2 + 947*g + 118. Give i(73).
-28
Let h(f) = -6*f**2 + 101*f - 70. What is h(18)?
-196
Let y(c) = 597*c + 5378. Calculate y(-9).
5
Let c(i) = 2*i**2 - 29*i - 26. Give c(16).
22
Let x(c) = -65*c**2 - 17*c - 12. Give x(3).
-648
Let w(y) = y**3 - 53*y**2 + 41*y + 616. Calculate w(52).
44
Let y(d) = -d**3 - 19*d**2 + 100*d - 6. What is y(-23)?
-190
Let a(d) = -d**2 - 48*d - 575. Give a(-23).
0
Let y(g) = -3*g - 525. What is y(21)?
-588
Let k(f) = -f**2 - 3*f - 63. What is k(-8)?
-103
Let l(r) = 18*r**2 - 52*r - 13. Determine l(3).
-7
Let r(i) = -107*i - 872. Give r(-8).
-16
Let o(q) = -239*q**2 + 480*q + 1. What is o(2)?
5
Let y(m) = m**2 + m - 148. Give y(21).
314
Let r(h) = 8*h**3 - 78*h**2 - 215*h - 32. Determine r(12).
-20
Let u(c) = 2*c**3 - 18*c**2 - 20*c + 131. Determine u(9).
-49
Let g(a) = 899*a - 73721. Give g(82).
-3
Let w(i) = i**2 - 24*i - 1145. Calculate w(48).
7
Let i(q) = 3*q**3 + 196*q**2 - 127*q + 110. Determine i(-66).
-220
Let m(g) = g**2 + 59*g + 324. Calculate m(-6).
6
Let w(p) = p**3 + 22*p**2 - 141. Calculate w(-13).
1380
Let j(r) = -62*r + 767. Give j(13).
-39